divided by 86?
21
Let j = -2194 - -2116. Let m(i) = 29*i - 2. Let x be m(3). Let o = j + x. Calculate the remainder when 15 is divided by o.
1
Suppose -f = -0*f + 8. Let q(b) be the third derivative of b**5/15 + 19*b**4/24 - b**3 + 216*b**2. What is the remainder when q(f) is divided by 11?
10
Suppose 0 = -2*o + 80. Let w(p) = -p**2 - 23*p - 47. Let i be w(-21). Let r = o + i. Calculate the remainder when 104 is divided by r.
34
Let r be ((-79144)/48)/13 - (-2)/(-12). Let v = r + 150. Calculate the remainder when 124 is divided by v.
9
Let o = -104 - -570. Let l(g) = 3*g**3 - 184*g**2 + 422*g - 522. Calculate the remainder when o is divided by l(59).
7
Suppose -3 = 3*a - 12. Suppose -a*b - 2*u - 15 = -60, -4*b + 2*u = -74. What is the remainder when 98 is divided by b?
13
Suppose v - 4*d - 8 = 21, -5*d - 94 = -4*v. Let m = -11 - -16. What is the remainder when v is divided by m?
1
Let h(q) = -q**3 + 3*q**2 - q + 67. Let p = 493 - 493. Calculate the remainder when 132 is divided by h(p).
65
Let u(l) = 28*l**3 - l**2 + 54*l - 53. Calculate the remainder when u(1) is divided by 22.
6
Let f(w) = 6*w + 3. Let p(l) = -13*l - 7. Let r(a) = 10*f(a) + 4*p(a). Let n be r(-4). Calculate the remainder when (1 - n) + (9 - 6) is divided by 13.
8
Suppose -14*l + 11720 = 6*l. Let d = l + -565. Calculate the remainder when 167 is divided by d.
20
Let c be (7 + -55)/(-8) - 1. Suppose o - c*i = -2*o + 589, -o + 189 = 2*i. What is the remainder when o is divided by 65?
63
Suppose -4*h = 2*x - 110, 0 = -5*h + 764*x - 759*x + 85. Suppose 2*w + w - 285 = 0. Calculate the remainder when w is divided by h.
23
Let o be (6 - (-56)/(-21)) + (-8)/6. Suppose -h + 2*d - 43 = 0, o*d - 51 = 2*h + 5*d. Let y = 17 - h. Calculate the remainder when y is divided by 11.
6
Let u = 160 + -144. Suppose 2 = c - u. What is the remainder when 160 is divided by c?
16
Let r(y) = 2*y**3 - 86*y**2 - 843*y + 39. Let a = 58 - 6. Calculate the remainder when r(-8) is divided by a.
47
Let c(f) = -f + 23. Suppose y - 2*g = 6, 0 = -2*y + 4*y - 3*g - 10. Suppose -5 = -5*a, -2*j - y*a = -j - 65. Calculate the remainder when j is divided by c(7).
15
Suppose 0 = 3*z - 2*z - 4, -5*f = 5*z + 120. Let w = f + 43. Let r(h) = -1840*h - 5494. What is the remainder when r(-3) is divided by w?
11
Let b(s) = 3*s - 33. Calculate the remainder when (7/2)/(((-91)/(-84))/13) is divided by b(17).
6
Let i(j) = j**2 + 5*j - 2. Let z be i(-6). Suppose 2*u + 179 = 3*u - 4*p, -2*u = -z*p - 338. Let l = 72 + -52. What is the remainder when u is divided by l?
19
Suppose -6*j - 10 = -40. What is the remainder when -12 + 4 - (1 + -33)/2 is divided by j?
3
Let f(x) = 41*x**3 + 18*x**2 + 4*x + 3. Calculate the remainder when f(5) is divided by 100.
98
Let i(b) = 436*b - 10841. Let v(n) = -n**3 + 13*n**2 - 8*n - 3. What is the remainder when v(7) is divided by i(25)?
58
Let m(f) = -4*f**3 - 29*f**2 - 14*f - 153. What is the remainder when m(-8) is divided by 137?
14
Let d(m) = 9*m**2 + 1. Let y(z) = -z**2 + 25*z + 120. Let v be y(29). What is the remainder when d(-2) is divided by 119/68*v*2?
9
Let p = 4138 + -3367. Calculate the remainder when p is divided by 52.
43
Suppose -35 = 5*i - 10, 3*i + 45 = 5*w. Calculate the remainder when 49 is divided by ((-2)/w)/((-9)/378).
7
Let t = 7 + -5. Suppose -14*c = -11*c - 174. Let m = 60 - c. Calculate the remainder when t is divided by m.
0
Let b(c) be the third derivative of 2*c**5/15 - c**4/8 + c**3/6 - 75*c**2. What is the remainder when 57 is divided by b(1)?
3
Let d(i) = -i**3 + 44*i**2 - 480*i + 16. What is the remainder when 17918 is divided by d(20)?
14
Let x = -75 + 129. Let t = -154 - -259. What is the remainder when t is divided by x?
51
Let f = 204 - 199. Suppose f*m + 140 = 5*w, -4*w + w + 90 = -m. Calculate the remainder when 43 is divided by w.
12
Suppose -11*k + 7*k = 23*k - 999. Suppose -4*z + z = -15. Suppose 2*a - b - 52 = 2*b, z*a - 4*b = 116. What is the remainder when k is divided by a?
17
Let o = -619 + 613. Let p(l) = -21*l - 19. Calculate the remainder when p(o) is divided by 27.
26
Let o(x) = -26*x + 4. Let q(l) = 2*l. Let r be q(1). Suppose r*z - j = 19 + 8, -2*z + 7 = -5*j. What is the remainder when o(-1) is divided by z?
14
Let t = 14 + 2. Let m be (-1 + 156/t)/(1/(-4)). Let h = -18 - m. What is the remainder when 64 is divided by h?
13
Let a(h) = -57*h + 6139. What is the remainder when 7719 is divided by a(107)?
39
Let n(x) be the second derivative of 11*x**4/12 + x**3 - 17*x**2 + 18*x. Let b be n(5). Let f = -163 + b. Calculate the remainder when f is divided by 22.
20
Suppose 0 = 98*w - 338 - 348. Calculate the remainder when 95 is divided by w.
4
Let r(y) = -34*y**2 - 9*y + 11. Let m be r(-3). Let o = -234 - m. Calculate the remainder when 95 is divided by o.
27
Suppose 15*z - 130 = -5*v + 20*z, -2*v + 62 = 3*z. Let p = v - -156. What is the remainder when p is divided by 47?
43
Let c(x) = -2*x - 24. Let b(l) = -l**3 + l**2 - 3*l - 21. Let h be b(0). Calculate the remainder when 28 is divided by c(h).
10
Suppose -4*c = p - 53, -118 = -5*p + 3*c - 37. What is the remainder when p is divided by (4 - 1) + 20 + -2?
0
Let t(n) = -7*n**2 + 32*n - 27. Let u be (-2)/(1 - 3) + 17. Suppose -u = -v - 2*o + o, 4*v - 4*o - 56 = 0. Calculate the remainder when v is divided by t(2).
7
Suppose 8*l = 9*l - 90. Suppose -2*b + 244 = 268. What is the remainder when l is divided by (-5)/3*-14 - b/(-36)?
21
Suppose -9*w + 18*w = 450. Suppose -3*c - 5*u + w = 0, 4*c - u + 0*u - 36 = 0. What is the remainder when 168 is divided by c?
8
Let n(o) = -o**2 + 10*o - 14. Let y be n(6). What is the remainder when ((-25)/y)/((-2)/52) is divided by (-36)/((-30)/(-5)) - -24?
11
Let d(l) = 339*l**2 + 2*l + 4. What is the remainder when d(-3) is divided by 90?
79
Suppose 108*n - 12*n - 159996 = -38*n. What is the remainder when n is divided by 135?
114
Let s = 17 - 29. Let t(c) = 6*c**2 + 71*c - 27. Let o(r) = 2*r**2 + 24*r - 9. Let q(l) = -8*o(l) + 3*t(l). What is the remainder when 47 is divided by q(s)?
20
Let o = -574 - -679. What is the remainder when ((-990)/42)/(-11)*o is divided by 12?
9
Let m(r) = 4*r**2 - 47*r + 111. What is the remainder when 333 is divided by m(3)?
3
Let c = 48 + -43. Calculate the remainder when 56 is divided by c.
1
Suppose 54*b + 4 = 53*b, -6888 = -4*t + b. Calculate the remainder when t is divided by 32.
25
Let u = 35271 - 34887. Calculate the remainder when u is divided by 109.
57
Let b = 15758 + -15612. Calculate the remainder when 176 is divided by b.
30
Let l(j) = -j**2 - 9*j + 5. What is the remainder when 1/(-1)*((-2340)/(12 - -6) + 8) is divided by l(-5)?
22
Let f(h) = 9*h + 77 - 17*h + 11*h. Let s be f(-25). Suppose -u + 0*u + g = -8, s*g = 3*u - 21. What is the remainder when 9 is divided by u?
4
Let n = -126 - -183. Let p = 1233 - 1193. Suppose -u - 21 = r - n, 5*u = -r + p. What is the remainder when r is divided by 26?
9
Let c(k) = 9 + k + 5 + 6. Let q be c(-17). Suppose q*v + 36 = 96. Calculate the remainder when v is divided by 11.
9
Let n(v) be the first derivative of -5*v**2 - 41*v - 63. Calculate the remainder when 242 is divided by n(-9).
46
Let v = -131 + 104. What is the remainder when 44 is divided by 1 + v/36 + 139/4?
9
Suppose -4*j + 3*b + 658 = 0, 64*j = 66*j + 5*b - 368. Calculate the remainder when j is divided by 85.
84
Suppose 0 = 5*r, -317 = -4*v - 15*r + 14*r + 351. What is the remainder when v is divided by 31?
12
Let o(j) = -11*j + 766. What is the remainder when o(40) is divided by 150?
26
Suppose 13 = -9*c + 49. Suppose 6*r = 3*r, 0 = 4*g - c*r. Suppose 4*d - 16*d + 24 = g. What is the remainder when 10 is divided by d?
0
Let s(c) = 240*c - 6618. Calculate the remainder when s(30) is divided by 18.
6
Let k be (-2)/(1/63*6). Let f(i) = -6*i - 47. Let v be f(k). Let u = v - 77. What is the remainder when 16 is divided by u?
0
Let l = -1736 - -1997. What is the remainder when l is divided by 48?
21
Let x(m) = -2*m**2 + 83*m - 18. Let r be x(39). Let q = 215 - r. Suppose 2*v - 6 = 0, 3*z - 744 = -2*z + 2*v. Calculate the remainder when z is divided by q.
36
Suppose -2*s + 3*r + 145 = -0*s, -3*s + 192 = 4*r. Suppose -l + 3*l = s. Suppose -78947*z + 78979*z = 4320. What is the remainder when z is divided by l?
33
Suppos